
Is 106213 a prime number?
True
Is 21953 composite?
True
Is 176801 composite?
True
Is 1593713 prime?
False
Is 1465097 prime?
True
Is 857699 prime?
False
Is 97649 a composite number?
False
Is 43391 a prime number?
True
Is 11677 a composite number?
False
Is 98891 a prime number?
False
Is 6563 prime?
True
Is 7331 composite?
False
Is 153641 a composite number?
False
Is 509939 a prime number?
True
Is 467219 prime?
False
Is 656623 a composite number?
True
Is 283429 a prime number?
False
Is 61573 a prime number?
False
Is 1544299 a composite number?
True
Is 23417 prime?
True
Is 636499 prime?
True
Is 139429 a prime number?
True
Is 357377 prime?
True
Is 1757 a composite number?
True
Is 197719 a prime number?
False
Is 900685 a composite number?
True
Is 6121 a composite number?
False
Is 5077 a prime number?
True
Is 86753 a composite number?
False
Is 35933 composite?
False
Is 199891 prime?
False
Is 9957 a composite number?
True
Is 12003 composite?
True
Is 59897 composite?
True
Is 587033 a composite number?
False
Is 488577 a prime number?
False
Is 2453 a prime number?
False
Is 6947 a prime number?
True
Is 399937 composite?
False
Is 102667 a composite number?
False
Is 6521 prime?
True
Is 66841 a prime number?
True
Is 4321 composite?
True
Is 16603 composite?
False
Is 1779 prime?
False
Is 28459 a prime number?
False
Is 15259 composite?
False
Is 176279 a composite number?
True
Is 24611 composite?
False
Is 5006 a prime number?
False
Is 1343431 a prime number?
True
Is 1452709 composite?
False
Is 13701 composite?
True
Is 896479 a composite number?
False
Is 59101 a composite number?
True
Is 6883 a prime number?
True
Is 1693 prime?
True
Is 491921 prime?
False
Is 1139 a prime number?
False
Is 5267105 composite?
True
Is 220291 a composite number?
False
Is 5793 prime?
False
Is 35521 composite?
False
Is 24194 a composite number?
True
Is 2662586 a prime number?
False
Is 17467 composite?
False
Is 5953 a prime number?
True
Is 2047 composite?
True
Is 243511 a composite number?
True
Is 3779 prime?
True
Is 33703 composite?
False
Is 1633627 a composite number?
False
Is 38317 composite?
False
Is 62119 prime?
True
Is 87807 prime?
False
Is 190181 composite?
False
Is 377 prime?
False
Is 2125286 a composite number?
True
Is 249931 a composite number?
True
Is 45943 composite?
False
Is 44123 prime?
True
Is 3787 a prime number?
False
Is 2179 a composite number?
False
Is 1829 prime?
False
Is 15413 composite?
False
Is 311737 composite?
False
Is 8419 composite?
False
Is 653659 a prime number?
True
Is 125093 a prime number?
True
Is 1693777 prime?
True
Is 10529 a prime number?
True
Is 11303 a composite number?
True
Is 672213 a prime number?
False
Is 68329 a composite number?
False
Is 116239 composite?
False
Is 71251 composite?
True
Is 9587 a prime number?
True
Is 4421 a composite number?
False
Is 47409 prime?
False
Is 6733 composite?
False
Is 83099 prime?
False
Is 6819 composite?
True
Is 743 prime?
True
Is 1798757 a composite number?
True
Is 691 prime?
True
Is 443317 a composite number?
True
Is 575999 prime?
False
Is 7817 prime?
True
Is 8807 composite?
False
Is 162649 composite?
False
Is 150119 a prime number?
False
Is 190439 prime?
False
Is 3021385 prime?
False
Is 8093 composite?
False
Is 5793 a composite number?
True
Is 202267 composite?
True
Is 88069 a prime number?
True
Is 816681 prime?
False
Is 8251 composite?
True
Is 24749 prime?
True
Is 1050289 a prime number?
False
Is 56039 prime?
True
Is 25217 a prime number?
False
Is 2019 composite?
True
Is 274 a prime number?
False
Is 551 composite?
True
Is 36321 prime?
False
Is 4397 a prime number?
True
Is 1428283 a composite number?
True
Is 96742 a composite number?
True
Is 29473 a prime number?
True
Is 9853 prime?
False
Is 4829 a composite number?
True
Is 284419 composite?
True
Is 1517 a prime number?
False
Is 1054903 a composite number?
False
Is 1213 a prime number?
True
Is 357319 a composite number?
False
Is 49415 prime?
False
Is 126838 prime?
False
Is 21667 a composite number?
True
Is 206137 prime?
False
Is 2265341 prime?
False
Is 230719 a composite number?
False
Is 1420009 composite?
False
Is 652945 prime?
False
Is 32345 prime?
False
Is 68963 composite?
False
Is 128717 a prime number?
True
Is 13479 prime?
False
Is 13649 composite?
False
Is 373379 prime?
True
Is 4635187 prime?
False
Is 7 prime?
True
Is 215011 a prime number?
False
Is 30035 composite?
True
Is 44417 a composite number?
False
Is 1363 a composite number?
True
Is 127 a prime number?
True
Is 11341 composite?
True
Is 715613 a composite number?
False
Is 216289 a prime number?
True
Is 206233 a composite number?
False
Is 1064233 a composite number?
True
Is 43315 composite?
True
Is 6469 a composite number?
False
Is 84163 a composite number?
False
Is 329513 composite?
True
Is 12739 prime?
True
Is 1380181 composite?
True
Is 150053 composite?
False
Is 10893 a prime number?
False
Is 97523 prime?
True
Is 421391 composite?
True
Is 67909 prime?
False
Is 3190913 a composite number?
True
Is 117017 a prime number?
True
Is 555935 prime?
False
Is 32629 prime?
False
Is 16495 a composite number?
True
Is 13997 composite?
False
Is 419383 a prime number?
True
Is 1197571 a composite number?
False
Is 103855 composite?
True
Is 3659 a composite number?
False
Is 997507 a composite number?
True
Is 39127 a prime number?
False
Is 123593 a composite number?
False
Is 3207 composite?
True
Is 56057 composite?
True
Is 207431 a prime number?
False
Is 295523 composite?
True
Is 24529 prime?
False
Is 197546 a prime number?
False
Is 66427 prime?
False
Is 4893791 a composite number?
True
Is 5679889 prime?
False
Is 114613 a composite number?
False
Is 1597 a composite number?
False
Is 1618033 a prime number?
True
Is 52679 a prime number?
False
Is 172741 composite?
False
Is 7663 composite?
True
Is 3011 composite?
False
Is 2094117 a prime number?
False
Is 45587 composite?
False
Is 1537 prime?
False
Is 21727 a prime number?
True
Is 6485 prime?
False
Is 267787 composite?
True
Is 13649 prime?
True
Is 10697 composite?
True
Is 5683 prime?
True
Is 210421 prime?
True
Is 94649 a composite number?
False
Is 18947 prime?
True
Is 400885 a composite number?
True
Is 157031 a prime number?
False
Is 10967 composite?
True
Is 36607 a prime number?
True
Is 17691 a prime number?
False
Is 22241 a composite number?
True
Is 7247 prime?
True
Is 288973 a composite number?
False
Is 155159 prime?
False
Is 2861 a composite number?
False
Is 525931 a composite number?
True
Is 7403 composite?
True
Is 19049 composite?
True
Is 853 composite?
False
Is 2686309 a prime number?
True
Is 21269 a composite number?
False
Is 629327 a prime number?
False
Is 173059 a composite number?
False
Is 6805 composite?
True
Is 234443 composite?
True
Is 17769 composite?
True
Is 58477 a prime number?
True
Is 8461 a prime number?
True
Is 5449 prime?
True
Is 409769 a composite number?
False
Is 10099 a composite number?
False
Is 145771 composite?
False
Is 517547 composite?
False
Is 3159311 a prime number?
False
Is 12527 prime?
True
Is 31547 a prime number?
True
Is 5557 a prime number?
True
Is 1664387 prime?
True
Is 4241 prime?
True
Is 507667 a prime number?
True
Is 52627 composite?
False
Is 599617 a prime number?
False
Is 2176327 a prime number?
True
Is 995237 a composite number?
False
Is 50831 composite?
True
Is 646721 prime?
True
Is 56767 a prime number?
True
Is 6103 composite?
True
Is 9293 composite?
False
Is 2274655 a composite number?
True
Is 217421 composite?
False
Is 27011 prime?
True
Is 3490127 prime?
True
Is 35749 a composite number?
True
Is 800329 prime?
True
Is 580079 prime?
True
Is 23117 a prime number?
True
Is 11437 composite?
False
Is 601294 a composite number?
True
Is 72493 prime?
True
Is 92465 a prime number?
False
Is 173986 a prime number?
False
Is 185511 composite?
True
Is 42977 a composite number?
True
Is 854185 a prime number?
False
Is 108818 a prime number?
False
Is 3707961 a prime number?
False
Is 117269 composite?
False
Is 15063 a composite number?
True
Is 19641 a prime number?
False
Is 5171891 composite?
False
Is 16921 a composite number?
False
Is 148159 composite?
True
Is 103171 a prime number?
True
Is 481 prime?
False
Is 581819 a composite number?
True
Is 12343 prime?
True
Is 112027 a prime number?
False
Is 390781 prime?
True
Is 346217 a composite num